p(21).
-24
Let n(d) = d**2 - 60*d + 48. Determine n(59).
-11
Let c(z) = z**3 + 5*z**2 - 7*z - 6. Calculate c(-6).
0
Let r(k) = 5*k**3 - k**2 - 3*k - 4. What is r(-1)?
-7
Let t(x) = -x - 2. What is t(-6)?
4
Let m(s) = 2*s**2 + 7*s + 7. Give m(-5).
22
Let n(a) = 76*a**3 - a**2 + 2*a + 2. Give n(-1).
-77
Let h(t) = -t**3 + t**2 + 72*t + 23. Calculate h(9).
23
Let h(b) = -b**2 - 2*b - 4. Calculate h(3).
-19
Let d(j) = j**3 - 12*j**2 - 24*j + 4. What is d(-2)?
-4
Let z(v) = -3*v + 11. Give z(8).
-13
Let y(c) = c**3 - 17*c**2 + 31*c - 7. Give y(15).
8
Let z(o) = 3*o + 85. Give z(-31).
-8
Let t(y) = -y + 13. Determine t(6).
7
Let i(p) = p**2 + 28*p + 161. Determine i(-20).
1
Let s(y) = 4*y. What is s(9)?
36
Let b(r) = -r - 11. Give b(-12).
1
Let u(l) = -6*l - 15. Give u(8).
-63
Let b(t) = t**2 + 5*t - 5. Calculate b(-7).
9
Let n(l) = -3*l - 2. Determine n(-5).
13
Let j(t) = -t + 17. Calculate j(16).
1
Let p(z) = -12*z - 116. Determine p(-10).
4
Let i(b) = -b**3 + 14*b**2 + 16*b - 9. Calculate i(15).
6
Let b(j) = 3*j**2 + j - 3. What is b(-4)?
41
Let a(o) = o**3 + 8*o**2 - 9*o - 126. What is a(-6)?
0
Let f(m) = -m**3 - 5*m**2 - 7*m - 9. Determine f(-4).
3
Let q(b) = b**3 + 2*b**2 - 7*b - 3. Calculate q(-3).
9
Let n(q) = q**3 + 7*q**2 + 17*q + 38. Calculate n(-5).
3
Let o(p) = -p**3 - 24*p**2 + p + 22. Determine o(-24).
-2
Let a(v) = 14*v + 32. What is a(7)?
130
Let v(x) = 3*x - 41. Determine v(13).
-2
Let v(s) = s**3 - 8*s**2 + 10*s + 5. Give v(6).
-7
Let h(u) = 2*u**2 - 12*u + 15. What is h(2)?
-1
Let f(d) = -13*d - 33. What is f(-3)?
6
Let d(a) = -a**3 + 2*a**2 + 2*a + 13. Determine d(0).
13
Let q(a) = -a**3 + 3*a**2 + 8. Calculate q(3).
8
Let t(w) = -w**3 + 9*w**2 - 10*w + 6. What is t(8)?
-10
Let g(a) = 29*a - 209. Determine g(7).
-6
Let j(k) = -k**2 + 9*k - 9. Give j(7).
5
Let s(b) = 169*b + 664. What is s(-4)?
-12
Let p(d) = 88*d + 2547. What is p(-29)?
-5
Let d(u) = u**2 + 37*u - 123. Determine d(3).
-3
Let j(x) = 3*x - 50. Give j(16).
-2
Let o(r) = -5*r**3 + 3*r + 1. What is o(-2)?
35
Let c(f) = f**3 - 20*f**2 - 16*f - 24. What is c(21)?
81
Let p(n) = -2*n + 7. Calculate p(13).
-19
Let q(h) = 208*h - 1045. Give q(5).
-5
Let x(t) = 24*t**3 - 4*t**2 - t + 7. What is x(2)?
181
Let m(w) = 8*w**2 - 37*w + 8. What is m(5)?
23
Let k(g) = 5*g**2 - 7*g + 4. Determine k(6).
142
Let z(q) = 3*q**2 + 21*q - 1. Give z(-7).
-1
Let u(o) = 31*o + 4. Calculate u(2).
66
Let x(s) = -2*s**3 + 6*s**2 + 4*s + 1. Give x(3).
13
Let q(h) = -2*h - 18. Give q(-12).
6
Let k(o) = -3*o + 2. What is k(-1)?
5
Let m(l) = l**3 - 14*l**2 + 22*l + 39. Give m(12).
15
Let j(q) = -2*q**2 - 41*q - 29. Determine j(-19).
28
Let q(u) = -8*u**3 - 2*u**2 - 2*u - 1. Determine q(-1).
7
Let y(v) = -2*v**3 - 2*v**2 - 3*v - 9. Calculate y(-2).
5
Let l(m) = m**3 - 10*m**2 - 10*m - 7. Calculate l(10).
-107
Let r(n) = 6*n - 88. What is r(8)?
-40
Let x(s) = -2*s**3 + 2*s**2 - 4*s + 1. Give x(1).
-3
Let p(o) = 3*o - 23. Give p(10).
7
Let b(s) = s**2 + 5*s - 27. Give b(-8).
-3
Let v(o) = o**3 - 6*o**2 - 4*o - 2. Give v(7).
19
Let a(n) = -n**3 + 5*n**2 + n - 1. Give a(6).
-31
Let b(r) = -r + 19. What is b(9)?
10
Let m(r) = -26*r - 360. What is m(-14)?
4
Let b(u) = u - 4. Give b(11).
7
Let d(r) = 7*r**2 - 3*r - 1. What is d(-1)?
9
Let h(x) = -4*x**3 + x**2 + x + 2. Determine h(2).
-24
Let p(o) = o**3 - 35*o**2 - 33*o - 112. What is p(36)?
-4
Let f(p) = -21*p - 166. What is f(-8)?
2
Let d(s) = s**2 + 9*s + 22. Determine d(-4).
2
Let p(s) = s**3 + 5*s**2 - 7. Give p(-3).
11
Let g(w) = -3*w + 10. Give g(4).
-2
Let o(q) = q**3 - 37*q**2 - 120*q + 6. Calculate o(40).
6
Let k(h) = 2*h**2 - 13*h - 7. Give k(7).
0
Let h(t) = t**2 + 2*t - 8. Calculate h(0).
-8
Let k(x) = x**3 + 12*x**2 + 13*x + 13. Calculate k(-11).
-9
Let i(h) = 13*h**2 - 431*h + 50. Give i(33).
-16
Let s(m) = -m**3 + 10*m**2 - 6*m + 23. Calculate s(10).
-37
Let k(d) = -13*d - 4. Give k(-4).
48
Let f(o) = -o**3 + 4*o**2 - 6*o + 6. Give f(4).
-18
Let w(u) = -u**3 - 4*u**2 - 4*u - 1. Give w(-5).
44
Let o(w) = w**3 - 2*w**2 - 2*w - 4. What is o(3)?
-1
Let z(o) = -o**3 + 31*o**2 + 36*o - 135. Determine z(32).
-7
Let r(x) = x**3 - 11*x**2 - 28*x + 30. Determine r(13).
4
Let v(d) = -2*d**3 + 3*d. Determine v(-2).
10
Let n(c) = -2*c**3 + 10*c**2 - 5*c - 2. Determine n(4).
10
Let n(m) = m**2 + 6*m + 2. Give n(-6).
2
Let j(d) = -d**2 - 14*d - 25. What is j(-11)?
8
Let d(b) = b**2 - 2*b + 6. What is d(-7)?
69
Let v(d) = 7*d + 14. Determine v(0).
14
Let s(k) = -k + 70. Give s(0).
70
Let b(l) = -8*l + 302. Determine b(37).
6
Let q(l) = l**3 - 4*l**2 + 2*l + 3. Calculate q(5).
38
Let y(r) = r**3 - 8*r**2 - 3*r + 34. Determine y(8).
10
Let s(v) = v**3 + 4*v**2 + 7*v + 10. What is s(-4)?
-18
Let h(m) = 4*m - 10. Give h(-6).
-34
Let l(v) = -21*v + 271. Give l(13).
-2
Let u(w) = w**3 + 42*w**2 - 46*w - 132. Calculate u(-43).
-3
Let o(r) = r**2 + 2*r - 4. Calculate o(3).
11
Let h(w) = -w**2 - 14*w + 16. Determine h(-14).
16
Let b(c) = -c**3 - 8*c**2 + 14*c + 13. Determine b(-9).
-32
Let u(h) = -41*h + 6. Give u(2).
-76
Let d(t) = 4*t - 3. Determine d(3).
9
Let l(x) = -x**3 - 6*x**2 + 3*x - 6. Give l(-6).
-24
Let v(k) = -4*k**3 + 24*k**2 - 2*k + 12. Calculate v(6).
0
Let x(j) = j. Determine x(-3).
-3
Let n(x) = -3*x**3 + 3*x**2 - 2*x + 4. Calculate n(2).
-12
Let p(x) = 11*x**2 + 4. Give p(2).
48
Let t(s) = -4*s + 48. Determine t(4).
32
Let y(q) = 4*q**2 + 4*q + 8. Calculate y(6).
176
Let q(d) = 4*d + 94. Determine q(-26).
-10
Let x(g) = g**3 + 14*g**2 + 10*g - 36. Calculate x(-13).
3
Let l(x) = -40*x**2 + x - 4. Determine l(2).
-162
Let z(t) = -2*t - 31. Give z(-16).
1
Let a(v) = v**2 + 8*v - 6. Calculate a(-9).
3
Let h(d) = d**2 + 7*d - 29. What is h(-12)?
31
Let p(i) = -i**2 + i + 22. What is p(5)?
2
Let r(p) = -p**2 - 13*p - 22. Calculate r(-12).
-10
Let k(m) = -m - 10. Determine k(-10).
0
Let r(q) = 4*q**2 + 18*q - 15. What is r(-5)?
-5
Let p(b) = b**3 + 3*b**2 - 4*b + 3. Determine p(-4).
3
Let t(b) = 7*b**2 + 2*b + 2. Give t(-1).
7
Let b(n) = 2*n**2 + 18*n - 13. What is b(-9)?
-13
Let w(o) = -20*o + 1. Give w(-1).
21
Let k(a) = 6*a + 18. What is k(-2)?
6
Let h(b) = -b**3 + 39*b**2 - 74*b - 5. Calculate h(37).
-5
Let q(i) = i**2 - i + 1. Calculate q(5).
21
Let k(x) = -2*x + 8. Determine k(18).
-28
Let z(d) = 2*d**2 + 15*d + 7. What is z(-7)?
0
Let j(g) = g**2 - 12*g + 33. Calculate j(10).
13
Let v(i) = -i**3 - 7*i**2 + 6*i. Determine v(-8).
16
Let c(l) = -l**3 + 9*l**2 - l + 9. Give c(9).
0
Let d(t) = -2*t**2 - 5*t - 14. Give d(-9).
-131
Let g(c) = 2*c + 2. Give g(-11).
-20
Let r(x) = -14*x - 10. Give r(4).
-66
Let z(w) = -62*w**3 - 11*w**2 - 12*w. Calculate z(-1).
63
Let k(u) = -2*u**2 - 34*u - 39. What is k(-16)?
-7
Let d(y) = -y**3 - 16*y**2 - y + 16. Give d(-16).
32
Let h(k) = k**3 - 3*k**2 - 5*k - 3. Determine h(-2).
-13
Let h(l) = l**3 + 6*l**2 - 2*l + 17. Determine h(-7).
-18
Let y(r) = -10*r - 196. Determine y(-19).
-6
Let j(w) = -17*w + 8. What is j(1)?
-9
Let o(t) = -4*t + 1. Determine o(4).
-15
Let u(k) = -k**3 + 7*k**2 - 15*k + 29. Determine u(5).
4
Let q(s) = -3*s**2 + 27*s + 8. What is q(9)?
8
Let g(j) = -j**2 - 28*j + 1. What is g(-28)?
1
Let v(k) = -k**3 - 11*k**2 - 11*k - 1. Give v(-9).
-64
Let h(t) = -t - 12. What is h(0)?
-12
Let b(w) = w**3 - 11*w**2 + 13*w - 19. Determine b(10).
11
Let o(v) = -v**2 + 132. Give o(12).
-12
Let y(a) = 12*a + 4. Determine y(-1).
-8
Let t(n) = -n**2 + 6*n + 3. Determine t(7).
-4
Let n(f) = f**2 + 7*f. Calculate n(-7).
0
Let g(p) = p**3 - 8*p**2 + 5*p - 27. What is g(8)?
13
Let s(h) = 2*h**3 - 13*h**2 + h + 2. Calculate s(6).
-28
Let i(s) = -6*s**2 - 2*s + 2. Give i(-2).
-18
Let z(h) = 2*h**3 - h - 3. Determine z(-2).
-17
Let g(k) = 2*k - 14. Calculate g(9).
4
Let d(f) = -68*f + 13. Calculate d(1).
-55
Let l(n) = 6*n + 29. Give l(-4).
5
Let y(q) = q + 10. Calculate y(4).
14
Let r(k) = 30*k**2 - k. Give r(-1).
31
Let a(r) = -2*r**2 + r. Give a(-3).
-21
Let l(t) = t**2 - 10*t + 12. What is l(10)?
12
Let o(m) = -3*m + 11. Calculate o(-7).
32
Let t(i) = -i**2 + 19*i + 19. Give t(20).
-1
Let t(z) = z**2 + 7*z - 4. Determine t(-8).
4
Let o(a) = -a**2 + 16*a - 50. Give o(12).
-2
Let k(c) = -c**3 - 10*c**2 - 15*c - 283. Give k(-11).
3
Let c(h) = -4*h**2 - 33*h + 28. Calculate c(-9).
1
Let s(d) = d. Determine s(7